r + 673, v*o = 6. What is the units digit of r?
7
Suppose -8*w + 57 = -15. Let x(c) = -c + 10. Let v be x(w). Suppose -5*a - 33 = -t, t - 30 = a - v. What is the tens digit of t?
2
Let y be 108/(-6) - -8 - -8. Let n(r) = -228*r**3 - 2*r**2 + 5*r + 1. What is the thousands digit of n(y)?
1
Let a(u) = u**3 - 6*u**2 - 5*u + 9. Let x be a(7). Let k(j) = j**3 - 24*j**2 + 36*j - 24. What is the hundreds digit of k(x)?
2
Suppose 0 = -7*r + 917 - 224. Let p = r - 64. What is the units digit of p?
5
Let x(i) be the first derivative of i**2 + 1/3*i**3 - 18 - 9*i. What is the tens digit of x(9)?
9
Let i = 41008 + -20508. What is the hundreds digit of i?
5
Let s(h) = -5*h - 1 - 19 - 13. Let w(a) = -2*a**3 + 16*a**2 - 18*a + 9. Let k be w(7). What is the tens digit of s(k)?
6
Suppose 0 = 127*o - 117*o - 46230. What is the thousands digit of o?
4
Let d(m) = -m + 1. Let n(v) = -41*v - 54. Let y(f) = d(f) + n(f). What is the hundreds digit of y(-16)?
6
Let q(r) = -11*r + 34 - r**2 + 16 + 14*r - 15. Let c be q(8). Let s(h) = -h**3 - 5*h**2 - 7*h - 5. What is the units digit of s(c)?
0
What is the ten thousands digit of (((-18)/(-3))/(-2))/((-7)/82327)?
3
Let x = 195 - 189. Suppose 0 = 11*i - x*i - 475. What is the tens digit of i?
9
Suppose 2*a + 3071*b = 3075*b + 11610, -11615 = -2*a + 5*b. What is the thousands digit of a?
5
Let i(k) = 12*k + 27. Let j be i(-6). Let y = j + 1585. Suppose y = -11*q + 18*q. What is the hundreds digit of q?
2
What is the ten thousands digit of 11405*(-20 + (-420)/(-20))?
1
Let j be (1/4 + (-9)/(-4))*12. Let p = j + -34. What is the units digit of ((-5)/(-180) + p/(-18))*188?
7
Let q(a) = -a + 27. Let j be q(13). Suppose -j*x - 2 = -2. What is the tens digit of (63/(-18))/(1/(-32) - x)?
1
Let n(v) = v**3 - v**2 - 3*v - 4. Let j be n(-4). Let h = -73 - j. What is the units digit of (264 + -9)*((-3)/5 - h)?
2
Let m = 34 - 30. Suppose -3*t - k + 63 = 215, 5*t + m*k + 258 = 0. Let b = -43 - t. What is the units digit of b?
7
Suppose b - 13 = -5*c, -5*b + 5 + 8 = -c. Let j(m) = 8*m**2 - 7*m + 6. Let r be j(1). Suppose -r*z = c*z - 576. What is the units digit of z?
4
What is the thousands digit of 54/(-126) + 485992/56?
8
Suppose 9*o + 8417 = 28*o. Let r = 1218 - o. What is the hundreds digit of r?
7
Suppose 24*l - 618254 = 104458. What is the units digit of l?
3
Let m = -16712 + 27165. What is the thousands digit of m?
0
Let y be (3 + (1 - 2))/2. What is the units digit of 435/y - 6/(-1)?
1
Let t = 39 - 36. Let f be 10 - t*3/9. Suppose 1 + f = k. What is the units digit of k?
0
Suppose -3*z + 15 = 0, -134*z + 136*z + 5162 = 4*f. What is the units digit of f?
3
Suppose -9*n + 15*n = 40590. What is the units digit of n?
5
Suppose -47*t - 60 = -37*t. What is the hundreds digit of t/2*9/(108/(-1744))?
4
Let j(w) be the third derivative of -679*w**6/60 + w**5/30 - w**4/6 - 5*w**3/6 - 38*w**2. What is the units digit of j(-1)?
9
Suppose -9*z + 25 = 2*j - 10*z, -3*z = 5*j - 68. Let l(x) = 2*x**3 - 5*x**2 + 3*x + 4. Let h be l(3). Let n = h + j. What is the tens digit of n?
3
Let l = 3664 + 14021. What is the ten thousands digit of l?
1
Let t(u) = -61*u - 841. Let o(h) = -21*h - 280. Let a(j) = 7*o(j) - 2*t(j). What is the units digit of a(-12)?
2
Suppose -32*i + 3*i = 6*i - 313075. What is the units digit of i?
5
Let y be 2/((-24)/10 - (1 - 3)). What is the hundreds digit of ((-136)/y)/(40/500)?
3
What is the tens digit of 2/(-19) - (10 + 678062/(-266))?
3
Let y(b) be the first derivative of 5*b - 1 - 1/2*b**2 + 2/3*b**3. What is the units digit of y(7)?
6
Suppose 0 = 9*n + 4 - 4. Suppose -3*t + 4*y + 1905 = n, 5*t + 5*y - 588 - 2552 = 0. What is the hundreds digit of t?
6
What is the units digit of -56*(-11)/(77/60)*1?
0
Suppose 5*o = 171*c - 170*c + 352478, -493493 = -7*o - 2*c. What is the units digit of o?
7
Let m(q) = q - 11. Let h be m(14). Let j = 18 - h. Suppose 0 = 33*a - 32*a - j. What is the units digit of a?
5
Let h(u) = u**3 - 14*u**2 - u + 18. Let a be h(14). Let c(v) = 89*v - 1. Let d be c(a). Let m = -127 + d. What is the tens digit of m?
2
Let n(v) = v**3 + 96*v**2 - 206*v + 159. What is the hundreds digit of n(-98)?
1
Suppose 3*s + 152 = 164. Suppose 1744 = 5*i + x, 0 = 4*i + s*x - 5*x - 1388. What is the units digit of i?
8
Let y = -85 + 118. Suppose -m - y = -82. What is the units digit of m?
9
Let q(f) = f**2 + f + 2. Let v(h) = -h**3 + h**2 - 2*h + 153. Let k(g) = 4*q(g) + v(g). What is the tens digit of k(0)?
6
Suppose 4035*u + 1043354 = 4061*u. What is the thousands digit of u?
0
Suppose 0 = -3*o + 178 - 181. Let f(v) = 513*v**2 + 23*v + 23. What is the units digit of f(o)?
3
Let r(t) = t**3 - 9*t**2 + 14*t + 4. Let q be r(7). Suppose 3*c = 2*i + 1595, 4*i + 0*i = -q. What is the hundreds digit of c?
5
Let m = 49 + -108. Let a = m + 65. Suppose -5*z + 608 = -a*s + 3*s, s = -1. What is the units digit of z?
1
Let t be 12/(-10) - (9/5 - 2). Let w be -150*(2 + t)*-1. Suppose -4*i - v = -45 - 155, v - w = -3*i. What is the units digit of i?
0
Suppose -6780 = -52*y + 202988. Let i = y + -2698. What is the thousands digit of i?
1
Let k(i) = 370*i - 1743. What is the units digit of k(47)?
7
Suppose 0 = -3*r - 9, -5*j + 12*r + 3 = 11*r. Suppose 11 = -4*d - 5. What is the tens digit of (-15)/(d/12 + j)?
4
Let g(s) = 0*s - 14 + 13*s - 2*s + 12*s**2 - 6*s. What is the tens digit of g(3)?
0
Let d(n) = n**2 + n - 9. Let a be d(-4). Suppose -2*q - 53 + 861 = -4*l, -a*l + 2072 = 5*q. What is the tens digit of q?
1
Suppose -4*b + 12365 = t, 5*b - 10136 - 5322 = -3*t. What is the tens digit of b?
9
Suppose 374*d - 372*d = 1086. Suppose -6*y + 284 = 2*g - 8*y, d = 4*g + y. What is the tens digit of g?
3
Suppose 241*o + 308 = 237*o. What is the tens digit of o/14*(-6 + 0)?
3
Suppose -5*f - 890 = -n, -f = 4*n - 1977 - 1478. Suppose -54*r - n = -59*r. Suppose 428 = 5*c - 2*d, -3*d + 2*d + r = 2*c. What is the tens digit of c?
8
Suppose 4*k + z - 4080 = -3*z, -5*z = -k + 1026. Let b = 73 + k. What is the tens digit of b?
9
Let p(m) = 250*m**2 + 237*m - 3. What is the ten thousands digit of p(-7)?
1
What is the tens digit of (176310/(-1485))/((-3)/99)?
1
Suppose -4*m = 5*q - 39213, -3*q + 17885 + 5654 = 4*m. What is the tens digit of q?
3
Let s = -1927 + 4613. What is the hundreds digit of s?
6
Suppose -6*o = -o - 130. Let t = o + 4. Let s = 7 + t. What is the units digit of s?
7
Let z = 703 - 698. Suppose -4*u - 1410 = -z*u + 3*b, -u = 5*b - 1450. What is the tens digit of u?
2
Let n = 479 - 322. Let t = n - -259. What is the hundreds digit of t?
4
Let l(f) = f**3 + 16*f**2 + 56*f + 9. Let q be l(-5). Suppose 2*y + 0*t + 2*t = 2358, -q*t = 5*y - 5896. What is the tens digit of y?
8
Let f = 24018 + -16409. Suppose f + 2255 = 12*d. What is the units digit of d?
2
Let o(s) = -s**2 - 9*s + 28. Let w be o(-10). Let u(f) = -17 - 4*f + 20 + 21 + w. What is the tens digit of u(-23)?
3
Let k = 111 - 97. Suppose -5*h - 2*b = -k, -3*h + 2*b = -3*b + 4. Suppose 3*l - 192 = 4*t, -h*l + 128 = -0*l - 2*t. What is the units digit of l?
4
What is the ten thousands digit of 328644/13 + 116/(-377)?
2
Let m(g) = -205*g**3 + g**2 - 1. Let b(v) = -3*v**2 + 20*v - 9. Let k be b(6). Suppose -1 = k*p + 2. What is the tens digit of m(p)?
0
Suppose -22*z = -540176 - 72612. What is the ten thousands digit of z?
2
Let h = -476 + 503. What is the units digit of 127/4*(h - -17)?
7
Suppose -3*x - 123 + 12 = 0. Let m = 37 + x. Suppose m*j + 558 = 3*j. What is the tens digit of j?
8
What is the thousands digit of 6 + (5619 - 0)*(-392)/(-168)?
3
Suppose 1464 + 2376 = 8*i. Suppose 6*s - s = i. Suppose -3*o + 2*o + s = 0. What is the units digit of o?
6
Let r(l) = l**2 + 5*l - 101. Let y be r(-13). Suppose 11*c - 2032 = y*c. What is the units digit of c?
4
Suppose 2*m + 22216 - 171032 = -14*m. What is the thousands digit of m?
9
Let i(v) = -13*v - 118. Let w be i(-9). What is the hundreds digit of 2/(-4)*(w + -1355 + -10)?
6
Let w(n) = 7*n + 48. Let i be w(-6). Let p = i - 19. What is the units digit of 16/(-3)*(p - 17)?
0
Let i(q) = 1060*q**3 - 11*q**2 + 44*q - 70. What is the ten thousands digit of i(4)?
6
Suppose -5*x + 2*b + 2 + 4 = 0, b = -x - 3. Suppose -y + 9*o - 10*o + 22 = 0, x = 5*o. What is the tens digit of y?
2
Suppose -20*u = -24*u - q + 122354, 6 = -3*q.